 is the thousands digit of 1162?
1
What is the ten thousands digit of 12152?
1
What is the tens digit of 4242?
4
What is the hundreds digit of 26714?
7
What is the units digit of 2377?
7
What is the thousands digit of 41956?
1
What is the hundreds digit of 30006?
0
What is the tens digit of 7241?
4
What is the tens digit of 21938?
3
What is the thousands digit of 1420?
1
What is the thousands digit of 3355?
3
What is the units digit of 1855?
5
What is the tens digit of 6000?
0
What is the thousands digit of 67172?
7
What is the hundred thousands digit of 115305?
1
What is the tens digit of 1331?
3
What is the units digit of 2443?
3
What is the tens digit of 20134?
3
What is the thousands digit of 10285?
0
What is the hundreds digit of 13678?
6
What is the units digit of 35828?
8
What is the hundreds digit of 7877?
8
What is the hundreds digit of 1297?
2
What is the thousands digit of 4873?
4
What is the tens digit of 613?
1
What is the hundreds digit of 615?
6
What is the hundreds digit of 2447?
4
What is the tens digit of 62330?
3
What is the thousands digit of 6567?
6
What is the thousands digit of 12747?
2
What is the tens digit of 208?
0
What is the ten thousands digit of 105198?
0
What is the units digit of 12149?
9
What is the tens digit of 27634?
3
What is the thousands digit of 37719?
7
What is the thousands digit of 9915?
9
What is the thousands digit of 2001?
2
What is the units digit of 73620?
0
What is the tens digit of 2161?
6
What is the tens digit of 6103?
0
What is the units digit of 918?
8
What is the hundreds digit of 31695?
6
What is the tens digit of 245?
4
What is the hundreds digit of 982?
9
What is the hundreds digit of 6933?
9
What is the tens digit of 5753?
5
What is the hundreds digit of 17188?
1
What is the hundreds digit of 2735?
7
What is the tens digit of 153?
5
What is the hundreds digit of 50092?
0
What is the units digit of 356?
6
What is the tens digit of 2524?
2
What is the thousands digit of 7183?
7
What is the thousands digit of 7802?
7
What is the thousands digit of 167011?
7
What is the hundreds digit of 18968?
9
What is the hundreds digit of 63510?
5
What is the thousands digit of 5696?
5
What is the hundreds digit of 50364?
3
What is the units digit of 22560?
0
What is the hundreds digit of 16695?
6
What is the tens digit of 6626?
2
What is the tens digit of 1238?
3
What is the tens digit of 63984?
8
What is the hundreds digit of 52277?
2
What is the tens digit of 70?
7
What is the tens digit of 1057?
5
What is the ten thousands digit of 18313?
1
What is the units digit of 131920?
0
What is the hundreds digit of 16540?
5
What is the tens digit of 15042?
4
What is the tens digit of 374?
7
What is the units digit of 26227?
7
What is the hundreds digit of 90438?
4
What is the hundreds digit of 967?
9
What is the hundreds digit of 755?
7
What is the tens digit of 5919?
1
What is the units digit of 1680?
0
What is the tens digit of 28729?
2
What is the hundreds digit of 619?
6
What is the units digit of 79332?
2
What is the tens digit of 618?
1
What is the ten thousands digit of 84132?
8
What is the hundreds digit of 2153?
1
What is the units digit of 109260?
0
What is the thousands digit of 1575?
1
What is the hundreds digit of 134?
1
What is the hundreds digit of 197?
1
What is the hundreds digit of 2285?
2
What is the tens digit of 2263?
6
What is the ten thousands digit of 52190?
5
What is the units digit of 913?
3
What is the tens digit of 2709?
0
What is the thousands digit of 11423?
1
What is the tens digit of 2141?
4
What is the hundreds digit of 16200?
2
What is the tens digit of 90157?
5
What is the tens digit of 91716?
1
What is the ten thousands digit of 77421?
7
What is the ten thousands digit of 17310?
1
What is the tens digit of 1520?
2
What is the hundreds digit of 8884?
8
What is the hundreds digit of 166?
1
What is the tens digit of 2355?
5
What is the units digit of 8357?
7
What is the tens digit of 495?
9
What is the units digit of 215?
5
What is the tens digit of 76?
7
What is the tens digit of 58592?
9
What is the tens digit of 353?
5
What is the units digit of 5148?
8
What is the thousands digit of 1447?
1
What is the tens digit of 5353?
5
What is the tens digit of 3956?
5
What is the hundreds digit of 2010?
0
What is the thousands digit of 3596?
3
What is the thousands digit of 1177?
1
What is the hundreds digit of 26912?
9
What is the hundreds digit of 8246?
2
What is the thousands digit of 66664?
6
What is the tens digit of 10241?
4
What is the tens digit of 1322?
2
What is the tens digit of 3173?
7
What is the thousands digit of 17098?
7
What is the hundreds digit of 2099?
0
What is the thousands digit of 2030?
2
What is the tens digit of 3910?
1
What is the hundreds digit of 2777?
7
What is the hundred thousands digit of 149794?
1
What is the hundreds digit of 4794?
7
What is the units digit of 8518?
8
What is the tens digit of 552?
5
What is the tens digit of 320?
2
What is the tens digit of 6391?
9
What is the thousands digit of 5821?
5
What is the hundreds digit of 146?
1
What is the units digit of 293?
3
What is the units digit of 244?
4
What is the units digit of 36193?
3
What is the tens digit of 32756?
5
What is the hundreds digit of 1544?
5
What is the tens digit of 8453?
5
What is the hundreds digit of 2174?
1
What is the tens digit of 732?
3
What is the units digit of 67642?
2
What is the units digit of 868?
8
What is the thousands digit of 7613?
7
What is the hundreds digit of 2244?
2
What is the tens digit of 59157?
5
What is the thousands digit of 2588?
2
What is the units digit of 390?
0
What is the ten thousands digit of 15060?
1
What is the hundreds digit of 12139?
1
What is the thousands digit of 2040?
2
What is the thousands digit of 10860?
0
What is the units digit of 738?
8
What is the units digit of 9621?
1
What is the ten thousands digit of 109681?
0
What is the ten thousands digit of 45402?
4
What is the tens digit of 11489?
8
What is the tens digit of 2776?
7
What is the units digit of 6831?
1
What is the thousands digit of 3388?
3
What is the tens digit of 7434?
3
What is the hundreds digit of 265?
2
What is the thousands digit of 2414?
2
What is the hundreds digit of 49790?
7
What is the tens digit of 379?
7
What is the units digit of 24580?
0
What is the hundreds digit of 47770?
7
What is the thousands digit of 2540?
2
What is the thousands digit of 7307?
7
What is the hundreds digit of 1414?
4
What is the tens digit of 799?
9
What is the hundreds digit of 1282?
2
What is the ten thousands digit of 35508?
3
What is the tens digit of 4994?
9
What is the thousands digit of 6538?
6
What is the units digit of 107410?
0
What is the units digit of 11912?
2
What is the thousands digit of 29070?
9
What is the tens digit of 7154?
5
What is the thousands digit of 1010?
1
What is the hundreds digit of 1265?
2
What is the tens digit of 90?
9
What is the tens digit of 8575?
7
What is the thousands digit of 9500?
9
What is the hundreds digit of 4081?
0
What is the units digit of 72791?
1
What is the ten thousands digit of 22564?
2
What is the hundreds digit of 296?
2
What is the units digit of 7408?
8
What is the thousands digit of 38170?
8
What is the tens digit of 6472?
7
What is the thousands digit of 2131?
2
What is the hundreds digit of 831?
8
What is the units digit of 17508?
8
What is the thousands digit of 2529?
2
What is the thousands digit of 3047?
3
What is the thousands digit of 116710?
6
What is the tens digit of 4331?
3
What is the hundreds digit of 676?
6
What is the tens digit of 4442?
4
What is the tens digit of 7952?
5
What is the tens digit of 1241?
4
What is the ten thousands digit of 33917?
3
What is the ten thousands digit of 63648?
6
What is the ten thousands digit of 20635?
2
What is the tens digit of 5829?
2
What is the tens digit of 1185?
8
What is the tens digit of 18604?
0
What is the tens digit of 1125?
2
What is the thousands digit of 4576?
4
What is the thousands digit of 4109?
4
What is the tens digit of 16303?
0
What is the hundreds digit of 618?
6
What is the tens digit of 4551?
5
What is the hundreds digit of 3612?
6
What is the hundreds digit of 1911?
9
What is the ten thousands digit of 16375?
1
What is the thousands digit of 